 (21 - (87 - 20)).
9
28 + 51 + -5 + -26 - (3 + -1 + 8)
38
What is -9 - (13 - (59 + -50 + (6 - 1))) - -82?
74
(17 - (-1 - -6)) + -2 + 30 + -29
11
Calculate -25 - (50 - 30 - 43).
-2
What is the value of 2 + -35 - ((6 - 6) + 7 + (82 - 91))?
-31
What is -14 + 23 + -7 + (-3 - -8 - -64)?
71
Calculate (-56 - (-3 - 7)) + (36 - 35).
-45
Calculate (4 + -17 - -14) + -21 + 4 + 104.
88
Calculate (-56 - (-18 - -7)) + (-38 - 29).
-112
Calculate 28 + 1 + -543 + 620.
106
What is the value of (50 - (-8 + 4) - (162 - 186)) + -1 + 2?
79
Calculate -37 + -47 + 81 - (29 + -2).
-30
Calculate (0 + -2 + -15 - (557 - 581)) + -12.
-5
What is the value of 18 + (-10 + 20 - -10) - 24?
14
74 - 8 - ((-8 - 3) + 1 + 14 + 3)
59
Evaluate 3 + -1 + 13 + (-145 - -162).
32
Evaluate -35 - (45 + 115) - -117.
-78
22 - -4 - (17 - 2 - (-43 - (-41 + -17)))
26
(2 + -10 - (-4 + -1)) + 7 + (3 - 86)
-79
What is the value of -86 + 116 - (-33 + 66)?
-3
-1112 + 1025 - (36 - -1)
-124
What is the value of -22 - ((-57 - -62) + (2 - -11))?
-40
Evaluate 0 + -7 - (4 + (27 + -28 - -53)).
-63
What is the value of 124 + -80 + (108 - 69)?
83
(-5 - 2 - -3) + 3 + (-81 - -74)
-8
What is the value of (37 - (-6 - -7)) + (69 - 48) + -5?
52
Calculate -2 - 18 - (20 - (4 - -22)).
-14
What is the value of 23 + -4 + (6 - (-1 - (-13 + 3)))?
16
Evaluate 182 - (-50 - -209 - 66).
89
Evaluate (-285 - -298) + -8 + 6 + 13.
24
(0 - 9) + (-31 - (-17 + -25)) + 1 + -36
-33
Calculate 60 + -1 - (0 - (-24 - -31) - -4).
62
What is 7 - (15 - (-67 - -55))?
-20
Calculate -7 + 3 + -90 + -2 - (-61 + 106 + -49).
-92
-11 + (-45 - -53) + 24 + -78
-57
What is 9 - (-7 + 0 - 4 - -9 - 10)?
21
Evaluate 22 + -12 + -32 - -46 - 51.
-27
2 + 0 + (765 - 773) - (1 + 4)
-11
What is the value of -97 + 111 - (34 + 6)?
-26
Evaluate -15 + (18 - (67 + -19)) - 0.
-45
Calculate 0 + (0 + 6 - (-27 + (2 - -39))).
-8
Calculate (39 + -7 + 15 - (29 + -48)) + 11.
77
What is -14 + -82 + -9 - (21 + -29 - (1 - 1))?
-97
What is 51 + -17 - (-3 - (-7 + 0))?
30
What is the value of 11 + (1 - 0) - (3054 + -3053)?
11
Calculate -50 + (43 - -13) + -2 + -46.
-42
What is 17 - 1 - (-4 + 7 + -10)?
23
1 + -8 - (51 + 8 + -10 + (-7 - -28))
-77
What is 5 + -36 + 17 + -3 + -2 + -15 + 6?
-28
Calculate -6 + 6 + (38 - (71 - 27)).
-6
What is the value of (-16 - -38) + -4 - (5 - -24)?
-11
What is 1 + (11 - (-11 + 14) - (51 + 4)) - 9?
-55
Evaluate 9 + (1 - -3) + (-75 - -90).
28
Calculate -20 + 53 + -157 + 68.
-56
-1 + -18 + 12 - ((-2 - 2) + (-25 - -15))
7
Calculate (79 - (1 + -2)) + 458 + -30 + -429.
79
What is the value of 77 + (0 - 14) + (7 - 13 - -13) + -17?
53
17 + -15 + (18 - 6) - -2
16
27 - (-16 + 7 + 8 + -8 - (0 - 8))
28
10 - 14 - (17 - 18) - -21
18
What is the value of 43 - (-3 - (16 + -4 - 3 - 21))?
34
What is the value of 80 - (5 + -5 - 0) - 4 - (77 + -65)?
64
Calculate -2 + -112 + (270 - 55) + -190.
-89
What is -329 + 465 - (19 - -3)?
114
Calculate (7 - -1) + -69 + 73 + (5 - 22).
-5
What is 6 + 25 + 6 - (-9 + (11 - (14 - 4)))?
45
-38 + (81 - (-51 + 61))
33
What is the value of -29 + (-14 - -24) + 10?
-9
Calculate -5 - (-17 - -123 - 18).
-93
What is -89 + 220 - (-1 - -7 - (-24 + 0 + 28))?
129
What is -9 - (3 + 13) - (-17 + 0 + 3)?
-11
What is 61 + -2 + 42 + -92?
9
Evaluate -181 + 170 - (-2 + 0 + -2 + 20 - 5).
-22
What is -16 + 10 + -11 + 6 - -24 - (50 - 19)?
-18
Evaluate 20 + (-70 - (18 + -36)) + 5.
-27
Evaluate -268 + 244 + 26 + 1 - 71.
-68
What is the value of 7 + (-17 - (7 + -11 + -2)) - -14?
10
Calculate -6 + 113 + 15 - (-22 - -21 - (4 - 0)).
127
What is 26 - ((24 - 12) + 2 + -9)?
21
What is the value of -12 + 29 + 63 - 32?
48
-21 + (-6 - 29) + 8 + 11 + 2 + 0
-35
Calculate 10 + 4 + -2 + -10 + 1 - 7.
-4
Calculate -49 + (98 - (18 + 9)).
22
Calculate -14 + 49 + 0 - 21.
14
What is -25 - (-6 + -48) - (0 - -15 - -2)?
12
What is (8 - (27 + -13)) + 15 + 36 + 9?
54
Evaluate 20 + -19 + 26 + -10 + 90.
107
What is (-10 - 6) + 24 - (7 + -6 + 136)?
-129
What is the value of 1 + -43 + 13 - -13 - 108?
-124
What is the value of -11 - (-29 + 3 - (-75 + 64)) - (4 + 0)?
0
What is -11 + 0 + (86 - 70 - -30)?
35
What is 1 - 8 - (-69 - (-33 + 8 + 5))?
42
(23 - (-2 + 10)) + 41 + -6
50
Evaluate (-6 - 8 - -27 - -15) + 1.
29
Evaluate 108 + (64 + -71 - 42).
59
Evaluate (-15 + 65 - (-7 + 30)) + -88.
-61
What is 6 - 129 - (-4 + (-26 - (13 - 20)))?
-100
(-11 - (1 - 1)) + -34 + 61 + 19
35
Calculate (1268 - 1259) + 0 + 1 + -41.
-31
What is 5 - (-45 + 6 + 47)?
-3
What is the value of 2 + (-15 - -2) - (430 - 424)?
-17
Calculate -12 - (51 - 158 - (5 - 2 - (1 - 6))).
103
Calculate 39 + (-8 + 3 - (-3 - (-1 + -1))) + 8.
43
Calculate 12 - 37 - -29 - 30 - -64.
38
What is the value of (35 + -57 + 19 - (-96 + 4)) + 14?
103
59 - (8 - (-2 + -9 - -13 - 7))
46
What is the value of (8 - 0) + 1 - (-82 + -176 + 318)?
-51
What is the value of (-9 + -2 - 1 - -2) + (4 - 61) + 2?
-65
What is 11 - (1 + 66 - (26 + -6))?
-36
What is -51 + 6 + -3 + 37 - (-9 + 0)?
-2
What is 2 + 13 + -1 - (-18 + -53 + 80 - -16)?
-11
Evaluate 1 + 2 + 124 + -109 + 7 + -179.
-154
(-5 - (-4 + 8)) + (-9 + -4 - (-22 - -16))
-16
Evaluate 125 + -70 + -35 - 87.
-67
What is -19 - (-78 - -53 - -9)?
-3
Evaluate -130 - (206 + -508) - (24 + -2).
150
-5 - (0 - (1 + 0)) - (-11517 + 11545)
-32
94 + (-20 + -7 - -3) + -7
63
Calculate -89 + (101 - -22) + (0 - 30).
4
-34225 - -34401 - (2 + (1 - -42))
131
Evaluate (-1460 - -1468) + (32 - -1).
41
Calculate (57 - -40) + -55 + -91.
-49
What is the value of -6 - -1 - (-7 + -33 + 35)?
0
Evaluate (36 - (6 + 12) - 22) + (-38 - 1).
-43
-21 + -43 + (-64 - -87)
-41
What is the value of -17 + -12 + 3 + 48?
22
Evaluate 149 + (-109 - 101) + -18.
-79
What is -5 + (-93 - (-1 - 8 - (37 + -46)))?
-98
What is the value of -3 - (-15 + 14 + 22) - -6?
-18
What is 7 + 12 - 13 - -44?
50
Calculate (1 - 15) + (-22 + 0 - (12 - (27 - 1))).
-22
174 + -239 - -29 - (12 + 0)
-48
Calculate -26 + ((5 - 30) + 11 - -2).
-38
-2 + 9 + (10 + -14 - 1) - (16 + -2)
-12
(2 - -1) + 4 + 0 + -4133 + 4034
-92
What is the value of 39 + 7 + -11 + -27 + -3 + 0 - 64?
-59
(-4 + 5 - 9 - (16 + -19) - 5) + -22
-32
Evaluate -3 - (7 - 9) - (55 + -62 + (1 - 0)).
5
Evaluate 24 - (2 - (-4 - 6)).
12
What is the value of -52 + -8 + (13 - (-1 + 5))?
-51
Evaluate 20 + -10 - 45 - (-1 - -19).
-53
What is -1 - -1 - (-2 - -106 - (1143 - 1087))?
-48
Calculate 0 + 77 - (-431 + 490).
18
What is the value of (-42 - 6) + 14 + 45 + -1 + -3 + -119?
-112
What is the value of (-1 - 10) + (46 - 38) + -70 + 17?
-56
Calculate (-13 - ((-75 - -60) + 71 + -2)) + 1 + 4.
-62
What is (38 - (15 - -50)) + (-18 - -1)?
-44
-32 + (89 - 86 - -1)
-28
What is the value of (3 - 6) + -76 + 97?
18
What is -50 - (102 + -124 - -49)?
-77
What is -123 + 41 + 66 - -76?
60
What is the value of -42 + (-69 - (13 - 98))?
-26
Calculate 85 + (-48 - -6) + -13.
30
(-216 - -214 - (-14 + 1)) + 30
41
What is the value of (-77 - (-108 + 38)) + -1 + 12?
4
Calculate (-9 - -16) + -4 + (3 - 5) - (1 + -93).
93
Evaluate (-8 - -8) + (4 - (13 + -30)) + 10.
31
What is the value of 1 - 94 - ((18 - 71) + -7 + 49)?
-82
Calculate 47 + (407 - 391 - (22 - -1)).
40
Evaluate 0 - 9 - (1175 - 1185).
1
Evaluate -55 + (-6 + 0 + 6 - (65 - 56)).
-64
Evaluate -2 + 167 - (83 + 28 + -80).
134
Calculate 0 + (1 - 54) + (16 + -12 + -9 - -3).
-55
Evaluate 103 - (77 - (-100 - -31)).
-43
Calculate 18 - -1 - (-2 + 5) - (2 + -18).
32
50 - (-1 + (5 - -3) + 23)
20
Evaluate (-15 - -17 - -21 - 34) + -3 + 2.
-12
What is the value of 37 + -52 - -7 - 34?
-42
Calculate -71 - (-34 + -67 + 73).
-43
87 - -1 - (-65 - -108)
45
Calculate -11 + 3 + -3 + -12 + (-1 - -57).
33
What is -26 + -15 + -29 + 36 + -13?
-47
-179 + 206 + -43 - (-48 + 1)
31
What is the value of (38 - 24) + (0 + 7 - (9 - 6))?
18
Evaluate (9 - 25 - -13) + -20 + 14.
-9
20 + -17 + (45 - -1 - (-27 - -32)) + 2
46
Evaluate 20 + (-4 - (11 + 6 + -10)) - (-5 + -1).
15
What is the value of (-29 + -11 + 12 + 0 - -1) + -1?
-28
What is -1 + -77 - (-3 - 4 - (-32 - (3 - 33)))?
-73
Evaluate 46 + -5 + (-95 - -114).
60
What is the value of ((-11 - -32) + -45 - -45) + 98 + 1?
120
What is (1 - 8) + (-22 - -1)?
-28
What is (36 - 50 - 30) + 17?
-27
What is 113 + (31 - (-14 + 266))?
-108
258 + -142 - (16 + 87)
13
What is the value of (0 - 8) + -10 + -31 + (61 - 51)?
-39
(23 - (11 + 3 + -1)) + -5 + -8
-3
What is (-11 - -4) + (2 - (7